{"id":3007,"date":"2023-04-11T14:44:51","date_gmt":"2023-04-11T14:44:51","guid":{"rendered":"https:\/\/www.aaadarters.ch\/?page_id=3007"},"modified":"2024-04-21T10:08:52","modified_gmt":"2024-04-21T10:08:52","slug":"pflichtenhefte","status":"publish","type":"page","link":"https:\/\/www.aaadarters.ch\/index.php\/pflichtenhefte\/","title":{"rendered":"Pflichtenhefte"},"content":{"rendered":"\t\t<div data-elementor-type=\"wp-page\" data-elementor-id=\"3007\" class=\"elementor elementor-3007\">\n\t\t\t\t\t\t<section class=\"elementor-section elementor-top-section elementor-element elementor-element-034b9cf elementor-section-boxed elementor-section-height-default elementor-section-height-default\" data-id=\"034b9cf\" data-element_type=\"section\" data-e-type=\"section\">\n\t\t\t\t\t\t<div class=\"elementor-container elementor-column-gap-default\">\n\t\t\t\t\t<div class=\"elementor-column elementor-col-100 elementor-top-column elementor-element elementor-element-39beb15\" data-id=\"39beb15\" data-element_type=\"column\" data-e-type=\"column\">\n\t\t\t<div class=\"elementor-widget-wrap elementor-element-populated\">\n\t\t\t\t\t\t<div class=\"elementor-element elementor-element-cb2e5be elementor-widget elementor-widget-text-editor\" data-id=\"cb2e5be\" data-element_type=\"widget\" data-e-type=\"widget\" data-widget_type=\"text-editor.default\">\n\t\t\t\t<div class=\"elementor-widget-container\">\n\t\t\t\t\t\t\t\t\t<p><span style=\"color: #ff0000;\">\u00c4nderungen per GV 2024 sind rot markiert.<\/span><\/p>\t\t\t\t\t\t\t\t<\/div>\n\t\t\t\t<\/div>\n\t\t\t\t\t<\/div>\n\t\t<\/div>\n\t\t\t\t\t<\/div>\n\t\t<\/section>\n\t\t\t\t<section class=\"elementor-section elementor-top-section elementor-element elementor-element-081b762 elementor-section-boxed elementor-section-height-default elementor-section-height-default\" data-id=\"081b762\" data-element_type=\"section\" data-e-type=\"section\">\n\t\t\t\t\t\t<div class=\"elementor-container elementor-column-gap-default\">\n\t\t\t\t\t<div class=\"elementor-column elementor-col-100 elementor-top-column elementor-element elementor-element-d117b47\" data-id=\"d117b47\" data-element_type=\"column\" data-e-type=\"column\">\n\t\t\t<div class=\"elementor-widget-wrap elementor-element-populated\">\n\t\t\t\t\t\t<div class=\"elementor-element elementor-element-6b772ac elementor-widget elementor-widget-heading\" data-id=\"6b772ac\" data-element_type=\"widget\" data-e-type=\"widget\" data-widget_type=\"heading.default\">\n\t\t\t\t<div class=\"elementor-widget-container\">\n\t\t\t\t\t<h2 class=\"elementor-heading-title elementor-size-default\">Pflichtenheft sportlicher Leiter<\/h2>\t\t\t\t<\/div>\n\t\t\t\t<\/div>\n\t\t\t\t\t<\/div>\n\t\t<\/div>\n\t\t\t\t\t<\/div>\n\t\t<\/section>\n\t\t\t\t<section class=\"elementor-section elementor-top-section elementor-element elementor-element-807e741 elementor-section-boxed elementor-section-height-default elementor-section-height-default\" data-id=\"807e741\" data-element_type=\"section\" data-e-type=\"section\">\n\t\t\t\t\t\t<div class=\"elementor-container elementor-column-gap-default\">\n\t\t\t\t\t<div class=\"elementor-column elementor-col-100 elementor-top-column elementor-element elementor-element-21f3608\" data-id=\"21f3608\" data-element_type=\"column\" data-e-type=\"column\">\n\t\t\t<div class=\"elementor-widget-wrap elementor-element-populated\">\n\t\t\t\t\t\t<div class=\"elementor-element elementor-element-daefb3d elementor-widget elementor-widget-text-editor\" data-id=\"daefb3d\" data-element_type=\"widget\" data-e-type=\"widget\" data-widget_type=\"text-editor.default\">\n\t\t\t\t<div class=\"elementor-widget-container\">\n\t\t\t\t\t\t\t\t\t<ul><li><strong>Sportliche Ziele<\/strong> definieren, kommunizieren, umsetzen und n\u00f6tigenfalls anpassen<\/li><li><strong>Trainingsumst\u00e4nde<\/strong> (Zeit, Art, Dauer) m\u00fcssen dem <strong>Bed\u00fcrfnis der Mitglieder und Mannschaften<\/strong> gerecht werden,<ul><li>Trainingstage und Inhalte evaluieren<\/li><li>Terminkonflikte z.B. Einzel- vs. Mannschaftstrainings l\u00f6sen<\/li><li>Zust\u00e4ndige f\u00fcr Trainingsleitung organisieren.<\/li><\/ul><\/li><li>Evaluation des Bedarfs und der M\u00f6glichkeiten sowie allf\u00e4llige Umsetzung einer <strong>Teilnahme an weiteren Ligen<\/strong> ausser DLRZ (SDA?, SDC?)<\/li><li>Begleitung \/ Koordination Captains bez\u00fcglich <strong>Mannschaftsbildung<\/strong> und deren <strong>Abgleich mit den sportlichen Zielen<\/strong><ul><li>z.B. evt. RL\/Quali Turnier f\u00fcr faire und objektive Beurteilung der Spielinterressierten?<\/li><li>z.B. Partnerpr\u00e4ferenzen ber\u00fccksichtigen, resp. bei Konflikten moderieren.<\/li><li><span style=\"color: #ff0000;\">Mannschaftszusammensetzungen w\u00e4hrend Saison NIE nur aufgrund eines Spielerpotentials \u00e4ndern, <\/span><br \/><span style=\"color: #ff0000;\">sondern wenn \u00fcberhaupt, dann nur wenn durch Spieler oder Mannschaft selber dies sinnvoll begr\u00fcndet gew\u00fcnscht wird.<\/span><\/li><\/ul><\/li><li><strong>Garantieren<\/strong> der korrekten Verbands (DLRZ \/ SDA \/ SDC etc) <strong>Anmelde Modalit\u00e4ten<\/strong> mindestens durch Anleitung und Kontrolle, n\u00f6tigenfalls durch Eingreifen<\/li><li><strong>Triple-A Darters Turnierkalender<\/strong> koordinieren in Absprache mit deren <strong>Organisator(en) und Break<\/strong>.<\/li><\/ul>\t\t\t\t\t\t\t\t<\/div>\n\t\t\t\t<\/div>\n\t\t\t\t\t<\/div>\n\t\t<\/div>\n\t\t\t\t\t<\/div>\n\t\t<\/section>\n\t\t\t\t<\/div>\n\t\t","protected":false},"excerpt":{"rendered":"<p>\u00c4nderungen per GV 2024 sind rot markiert. Pflichtenheft sportlicher Leiter Sportliche Ziele definieren, kommunizieren, umsetzen und n\u00f6tigenfalls anpassen Trainingsumst\u00e4nde (Zeit, Art, Dauer) m\u00fcssen dem Bed\u00fcrfnis der Mitglieder und Mannschaften gerecht werden, Trainingstage und Inhalte evaluieren Terminkonflikte z.B. Einzel- vs. Mannschaftstrainings l\u00f6sen Zust\u00e4ndige f\u00fcr Trainingsleitung organisieren. Evaluation des Bedarfs und der M\u00f6glichkeiten sowie allf\u00e4llige Umsetzung einer [&hellip;]<\/p>\n","protected":false},"author":58,"featured_media":0,"parent":0,"menu_order":0,"comment_status":"closed","ping_status":"closed","template":"","meta":{"footnotes":""},"class_list":["post-3007","page","type-page","status-publish","hentry"],"blocksy_meta":{"styles_descriptor":{"styles":{"desktop":"","tablet":"","mobile":""},"google_fonts":[],"version":6}},"yoast_head":"<!-- This site is optimized with the Yoast SEO plugin v27.4 - https:\/\/yoast.com\/product\/yoast-seo-wordpress\/ -->\n<title>Pflichtenhefte - Triple-A Darters<\/title>\n<meta name=\"robots\" content=\"index, follow, max-snippet:-1, max-image-preview:large, max-video-preview:-1\" \/>\n<link rel=\"canonical\" href=\"https:\/\/www.aaadarters.ch\/index.php\/pflichtenhefte\/\" \/>\n<meta property=\"og:locale\" content=\"de_DE\" \/>\n<meta property=\"og:type\" content=\"article\" \/>\n<meta property=\"og:title\" content=\"Pflichtenhefte - Triple-A Darters\" \/>\n<meta property=\"og:description\" content=\"\u00c4nderungen per GV 2024 sind rot markiert. Pflichtenheft sportlicher Leiter Sportliche Ziele definieren, kommunizieren, umsetzen und n\u00f6tigenfalls anpassen Trainingsumst\u00e4nde (Zeit, Art, Dauer) m\u00fcssen dem Bed\u00fcrfnis der Mitglieder und Mannschaften gerecht werden, Trainingstage und Inhalte evaluieren Terminkonflikte z.B. Einzel- vs. Mannschaftstrainings l\u00f6sen Zust\u00e4ndige f\u00fcr Trainingsleitung organisieren. Evaluation des Bedarfs und der M\u00f6glichkeiten sowie allf\u00e4llige Umsetzung einer [&hellip;]\" \/>\n<meta property=\"og:url\" content=\"https:\/\/www.aaadarters.ch\/index.php\/pflichtenhefte\/\" \/>\n<meta property=\"og:site_name\" content=\"Triple-A Darters\" \/>\n<meta property=\"article:modified_time\" content=\"2024-04-21T10:08:52+00:00\" \/>\n<meta name=\"twitter:card\" content=\"summary_large_image\" \/>\n<meta name=\"twitter:label1\" content=\"Gesch\u00e4tzte Lesezeit\" \/>\n\t<meta name=\"twitter:data1\" content=\"1\u00a0Minute\" \/>\n<script type=\"application\/ld+json\" class=\"yoast-schema-graph\">{\"@context\":\"https:\\\/\\\/schema.org\",\"@graph\":[{\"@type\":\"WebPage\",\"@id\":\"https:\\\/\\\/www.aaadarters.ch\\\/index.php\\\/pflichtenhefte\\\/\",\"url\":\"https:\\\/\\\/www.aaadarters.ch\\\/index.php\\\/pflichtenhefte\\\/\",\"name\":\"Pflichtenhefte - Triple-A Darters\",\"isPartOf\":{\"@id\":\"https:\\\/\\\/www.aaadarters.ch\\\/#website\"},\"datePublished\":\"2023-04-11T14:44:51+00:00\",\"dateModified\":\"2024-04-21T10:08:52+00:00\",\"breadcrumb\":{\"@id\":\"https:\\\/\\\/www.aaadarters.ch\\\/index.php\\\/pflichtenhefte\\\/#breadcrumb\"},\"inLanguage\":\"de\",\"potentialAction\":[{\"@type\":\"ReadAction\",\"target\":[\"https:\\\/\\\/www.aaadarters.ch\\\/index.php\\\/pflichtenhefte\\\/\"]}]},{\"@type\":\"BreadcrumbList\",\"@id\":\"https:\\\/\\\/www.aaadarters.ch\\\/index.php\\\/pflichtenhefte\\\/#breadcrumb\",\"itemListElement\":[{\"@type\":\"ListItem\",\"position\":1,\"name\":\"Startseite\",\"item\":\"https:\\\/\\\/www.aaadarters.ch\\\/\"},{\"@type\":\"ListItem\",\"position\":2,\"name\":\"Pflichtenhefte\"}]},{\"@type\":\"WebSite\",\"@id\":\"https:\\\/\\\/www.aaadarters.ch\\\/#website\",\"url\":\"https:\\\/\\\/www.aaadarters.ch\\\/\",\"name\":\"Triple-A Darters\",\"description\":\"Alles \u00fcber unseren Steeldarts-Club\",\"publisher\":{\"@id\":\"https:\\\/\\\/www.aaadarters.ch\\\/#organization\"},\"potentialAction\":[{\"@type\":\"SearchAction\",\"target\":{\"@type\":\"EntryPoint\",\"urlTemplate\":\"https:\\\/\\\/www.aaadarters.ch\\\/?s={search_term_string}\"},\"query-input\":{\"@type\":\"PropertyValueSpecification\",\"valueRequired\":true,\"valueName\":\"search_term_string\"}}],\"inLanguage\":\"de\"},{\"@type\":\"Organization\",\"@id\":\"https:\\\/\\\/www.aaadarters.ch\\\/#organization\",\"name\":\"Dartsclub Triple-A Darters Affoltern am Albis\",\"url\":\"https:\\\/\\\/www.aaadarters.ch\\\/\",\"logo\":{\"@type\":\"ImageObject\",\"inLanguage\":\"de\",\"@id\":\"https:\\\/\\\/www.aaadarters.ch\\\/#\\\/schema\\\/logo\\\/image\\\/\",\"url\":\"https:\\\/\\\/www.aaadarters.ch\\\/wp-content\\\/uploads\\\/2025\\\/11\\\/Logo_AAADarters_kreis_transp.png\",\"contentUrl\":\"https:\\\/\\\/www.aaadarters.ch\\\/wp-content\\\/uploads\\\/2025\\\/11\\\/Logo_AAADarters_kreis_transp.png\",\"width\":613,\"height\":612,\"caption\":\"Dartsclub Triple-A Darters Affoltern am Albis\"},\"image\":{\"@id\":\"https:\\\/\\\/www.aaadarters.ch\\\/#\\\/schema\\\/logo\\\/image\\\/\"}}]}<\/script>\n<!-- \/ Yoast SEO plugin. -->","yoast_head_json":{"title":"Pflichtenhefte - Triple-A Darters","robots":{"index":"index","follow":"follow","max-snippet":"max-snippet:-1","max-image-preview":"max-image-preview:large","max-video-preview":"max-video-preview:-1"},"canonical":"https:\/\/www.aaadarters.ch\/index.php\/pflichtenhefte\/","og_locale":"de_DE","og_type":"article","og_title":"Pflichtenhefte - Triple-A Darters","og_description":"\u00c4nderungen per GV 2024 sind rot markiert. Pflichtenheft sportlicher Leiter Sportliche Ziele definieren, kommunizieren, umsetzen und n\u00f6tigenfalls anpassen Trainingsumst\u00e4nde (Zeit, Art, Dauer) m\u00fcssen dem Bed\u00fcrfnis der Mitglieder und Mannschaften gerecht werden, Trainingstage und Inhalte evaluieren Terminkonflikte z.B. Einzel- vs. Mannschaftstrainings l\u00f6sen Zust\u00e4ndige f\u00fcr Trainingsleitung organisieren. Evaluation des Bedarfs und der M\u00f6glichkeiten sowie allf\u00e4llige Umsetzung einer [&hellip;]","og_url":"https:\/\/www.aaadarters.ch\/index.php\/pflichtenhefte\/","og_site_name":"Triple-A Darters","article_modified_time":"2024-04-21T10:08:52+00:00","twitter_card":"summary_large_image","twitter_misc":{"Gesch\u00e4tzte Lesezeit":"1\u00a0Minute"},"schema":{"@context":"https:\/\/schema.org","@graph":[{"@type":"WebPage","@id":"https:\/\/www.aaadarters.ch\/index.php\/pflichtenhefte\/","url":"https:\/\/www.aaadarters.ch\/index.php\/pflichtenhefte\/","name":"Pflichtenhefte - Triple-A Darters","isPartOf":{"@id":"https:\/\/www.aaadarters.ch\/#website"},"datePublished":"2023-04-11T14:44:51+00:00","dateModified":"2024-04-21T10:08:52+00:00","breadcrumb":{"@id":"https:\/\/www.aaadarters.ch\/index.php\/pflichtenhefte\/#breadcrumb"},"inLanguage":"de","potentialAction":[{"@type":"ReadAction","target":["https:\/\/www.aaadarters.ch\/index.php\/pflichtenhefte\/"]}]},{"@type":"BreadcrumbList","@id":"https:\/\/www.aaadarters.ch\/index.php\/pflichtenhefte\/#breadcrumb","itemListElement":[{"@type":"ListItem","position":1,"name":"Startseite","item":"https:\/\/www.aaadarters.ch\/"},{"@type":"ListItem","position":2,"name":"Pflichtenhefte"}]},{"@type":"WebSite","@id":"https:\/\/www.aaadarters.ch\/#website","url":"https:\/\/www.aaadarters.ch\/","name":"Triple-A Darters","description":"Alles \u00fcber unseren Steeldarts-Club","publisher":{"@id":"https:\/\/www.aaadarters.ch\/#organization"},"potentialAction":[{"@type":"SearchAction","target":{"@type":"EntryPoint","urlTemplate":"https:\/\/www.aaadarters.ch\/?s={search_term_string}"},"query-input":{"@type":"PropertyValueSpecification","valueRequired":true,"valueName":"search_term_string"}}],"inLanguage":"de"},{"@type":"Organization","@id":"https:\/\/www.aaadarters.ch\/#organization","name":"Dartsclub Triple-A Darters Affoltern am Albis","url":"https:\/\/www.aaadarters.ch\/","logo":{"@type":"ImageObject","inLanguage":"de","@id":"https:\/\/www.aaadarters.ch\/#\/schema\/logo\/image\/","url":"https:\/\/www.aaadarters.ch\/wp-content\/uploads\/2025\/11\/Logo_AAADarters_kreis_transp.png","contentUrl":"https:\/\/www.aaadarters.ch\/wp-content\/uploads\/2025\/11\/Logo_AAADarters_kreis_transp.png","width":613,"height":612,"caption":"Dartsclub Triple-A Darters Affoltern am Albis"},"image":{"@id":"https:\/\/www.aaadarters.ch\/#\/schema\/logo\/image\/"}}]}},"_links":{"self":[{"href":"https:\/\/www.aaadarters.ch\/index.php\/wp-json\/wp\/v2\/pages\/3007","targetHints":{"allow":["GET"]}}],"collection":[{"href":"https:\/\/www.aaadarters.ch\/index.php\/wp-json\/wp\/v2\/pages"}],"about":[{"href":"https:\/\/www.aaadarters.ch\/index.php\/wp-json\/wp\/v2\/types\/page"}],"author":[{"embeddable":true,"href":"https:\/\/www.aaadarters.ch\/index.php\/wp-json\/wp\/v2\/users\/58"}],"replies":[{"embeddable":true,"href":"https:\/\/www.aaadarters.ch\/index.php\/wp-json\/wp\/v2\/comments?post=3007"}],"version-history":[{"count":25,"href":"https:\/\/www.aaadarters.ch\/index.php\/wp-json\/wp\/v2\/pages\/3007\/revisions"}],"predecessor-version":[{"id":4269,"href":"https:\/\/www.aaadarters.ch\/index.php\/wp-json\/wp\/v2\/pages\/3007\/revisions\/4269"}],"wp:attachment":[{"href":"https:\/\/www.aaadarters.ch\/index.php\/wp-json\/wp\/v2\/media?parent=3007"}],"curies":[{"name":"wp","href":"https:\/\/api.w.org\/{rel}","templated":true}]}}